{"id":1836,"date":"2018-03-12T13:26:12","date_gmt":"2018-03-12T11:26:12","guid":{"rendered":"http:\/\/www.wiko-metallbautechnik.de\/wordpress\/?page_id=1836"},"modified":"2026-04-23T08:14:13","modified_gmt":"2026-04-23T06:14:13","slug":"stellenangebote","status":"publish","type":"page","link":"https:\/\/www.wiko-metallbautechnik.de\/wordpress\/unternehmen\/stellenangebote\/","title":{"rendered":"STELLENANGEBOTE"},"content":{"rendered":"<h2>Wir suchen&nbsp;&#8230;<\/h2>\n<hr>\n<ul>\n<li><span style=\"color: #339966;\"><strong>Projektabwickler<\/strong><\/span> \/ <span style=\"color: #339966;\"><strong>Projektleiter (m\/w\/d)<\/strong><\/span>mit planerischen Kenntnissen im Bereich Fenster, T\u00fcren, Fassaden \/ gerne auch im Bereich Brandschutz, aber nicht zwingend.<strong>Aufgaben:<\/strong><br \/>\n&#8211; Projektbetreuung von Aufma\u00df \u00fcber Montage bis zur Abnahme<br \/>\n&#8211; Projektmanagement, Bauablauf-Koordination<br \/>\n&#8211; Betreuung von Bautr\u00e4gern, Architekten (technisch und kaufm\u00e4nnisch)<\/p>\n<hr>\n<\/li>\n<li><strong><span style=\"color: #339966;\">Monteure<\/span> \/ <\/strong><strong><span style=\"color: #339966;\">Obermonteure (m\/w\/d)<\/span><br \/>\n<\/strong>zur Montagekoordination an unseren Objekten \/ Montage unserer Elemente (Fenster, T\u00fcren, Fassaden) sowie Reparaturen und Wartungen.&nbsp;&nbsp;<\/p>\n<hr>\n<\/li>\n<\/ul>\n<p><!--\n\n\n<ul>\n \t\n\n<li><strong><span style=\"color: #339966;\">Fertigungsleiter<\/span> \/ <span style=\"color: #339966;\">Produktionsleiter (m\/w\/d)\n<\/span>\nAufgaben:<\/strong>\n- Produktionssteuerung (derzeit 1-Schicht)\n- Kapazit\u00e4tsplanung\n- Qualit\u00e4tsmanagement\n- Mitarbeiterf\u00fchrung (ca. 20 Mitarbeiter)\n- Warenausgang \/ Tourenplanung&nbsp;\n\n... gerne mit Vorkenntnissen im Bereich Metallbau\n\n\n\n<hr>\n\n\n\n<\/li>\n\n\n<\/ul>\n\n\n--><\/p>\n<p>&nbsp;<\/p>\n<p><strong>Bitte richten Sie<\/strong>&nbsp;<strong>Ihre Bewerbung an:<\/strong><\/p>\n<p style=\"padding-left: 60px;\">wiko-Metallbautechnik GmbH &amp; Co. KG<br \/>\nPersonalabteilung<br \/>\nCarl-Vogeler-Stra\u00dfe 6<br \/>\n32312 L\u00fcbbecke<\/p>\n<p style=\"padding-left: 60px;\">Tel.: 05741 9009-0<br \/>\nE-Mail: <a href=\"mailto:info@wiko-metallbautechnik.de\">info@wiko-metallbautechnik.de<\/a><\/p>\n","protected":false},"excerpt":{"rendered":"<p>Wir suchen&nbsp;&#8230; Projektabwickler \/ Projektleiter (m\/w\/d)mit planerischen Kenntnissen im Bereich Fenster, T\u00fcren, Fassaden \/ gerne auch im Bereich Brandschutz, aber nicht zwingend.Aufgaben: &#8211; Projektbetreuung von Aufma\u00df \u00fcber Montage bis zur Abnahme &#8211; Projektmanagement, Bauablauf-Koordination &#8211; Betreuung von Bautr\u00e4gern, Architekten (technisch und kaufm\u00e4nnisch) Monteure \/ Obermonteure (m\/w\/d) zur Montagekoordination an unseren Objekten \/ Montage unserer Elemente <span class=\"ellipsis\">&hellip;<\/span> <span class=\"more-link-wrap\"><a href=\"https:\/\/www.wiko-metallbautechnik.de\/wordpress\/unternehmen\/stellenangebote\/\" class=\"more-link\"><span>Read More &rarr;<\/span><\/a><\/span><\/p>\n","protected":false},"author":1,"featured_media":0,"parent":49,"menu_order":0,"comment_status":"closed","ping_status":"closed","template":"template-full-width.php","meta":{"ngg_post_thumbnail":0},"_links":{"self":[{"href":"https:\/\/www.wiko-metallbautechnik.de\/wordpress\/wp-json\/wp\/v2\/pages\/1836"}],"collection":[{"href":"https:\/\/www.wiko-metallbautechnik.de\/wordpress\/wp-json\/wp\/v2\/pages"}],"about":[{"href":"https:\/\/www.wiko-metallbautechnik.de\/wordpress\/wp-json\/wp\/v2\/types\/page"}],"author":[{"embeddable":true,"href":"https:\/\/www.wiko-metallbautechnik.de\/wordpress\/wp-json\/wp\/v2\/users\/1"}],"replies":[{"embeddable":true,"href":"https:\/\/www.wiko-metallbautechnik.de\/wordpress\/wp-json\/wp\/v2\/comments?post=1836"}],"version-history":[{"count":43,"href":"https:\/\/www.wiko-metallbautechnik.de\/wordpress\/wp-json\/wp\/v2\/pages\/1836\/revisions"}],"predecessor-version":[{"id":2177,"href":"https:\/\/www.wiko-metallbautechnik.de\/wordpress\/wp-json\/wp\/v2\/pages\/1836\/revisions\/2177"}],"up":[{"embeddable":true,"href":"https:\/\/www.wiko-metallbautechnik.de\/wordpress\/wp-json\/wp\/v2\/pages\/49"}],"wp:attachment":[{"href":"https:\/\/www.wiko-metallbautechnik.de\/wordpress\/wp-json\/wp\/v2\/media?parent=1836"}],"curies":[{"name":"wp","href":"https:\/\/api.w.org\/{rel}","templated":true}]}}