{"id":76,"date":"2014-10-01T18:02:28","date_gmt":"2014-10-01T16:02:28","guid":{"rendered":"http:\/\/www.wiko-metallbautechnik.de\/wordpress\/en\/?page_id=76"},"modified":"2017-10-03T15:56:31","modified_gmt":"2017-10-03T13:56:31","slug":"legal-notice","status":"publish","type":"page","link":"https:\/\/www.wiko-metallbautechnik.de\/wordpress\/wordpress\/company\/legal-notice\/","title":{"rendered":"LEGAL NOTICE"},"content":{"rendered":"<div style=\"width: 55%;height: 550px;float: left;margin: 0px 0px 5px 0px;border: 4px #ffffff solid;padding: 15px;background: #f7f7f7;line-height: 1.5em;color: #606060\">\n<div style=\"font-size: 95%;color: #55ab00;border-bottom: 1px solid #aaa;padding: 0px 0px 5px 0px;font-weight: 400\">wiko-Metallbautechnik GmbH &amp; Co. KG<\/div>\n<div style=\"padding: 5px 0px 5px 3px;font-size: 9pt\">\n<div>Carl-Vogeler-Stra\u00dfe 6<\/div>\n<div style=\"margin: 0px 0px 10px 0px\">32312 L\u00fcbbecke<\/div>\n<div>Tel: +49(0)5741 \/ 9009 &#8211; 0<\/div>\n<div style=\"margin: 0px 0px 10px 0px\">Fax: +49(0)5741 \/ 9009 &#8211; 50<\/div>\n<div><a href=\"mailto:info@wiko-metallbautechnik.de\"><span style=\"color: #606060 !important\">info@wiko-metallbautechnik.de<\/span><\/a><\/div>\n<div style=\"margin: 0px 0px 10px 0px\"><a style=\"float: none;width: auto\" href=\"https:\/\/www.wiko-metallbautechnik.de\" target=\"_blank\" rel=\"noopener\"><span style=\"color: #606060 !important\">www.wiko-metallbautechnik.de<\/span><\/a><\/div>\n<div>tax No .: 331\/5735\/1520<\/div>\n<div>VAT no .: DE 215 459 174<\/div>\n<div style=\"margin: 0px 0px 15px 0px;border-bottom: 1px solid #aaa;padding: 0px 0px 5px 0px\">District court: Bad Oeynhausen \/ HRA 5426 \/ Sitz: L\u00fcbbecke<\/div>\n<div style=\"font-weight: bold;font-style: italic\">personally liable company:<\/div>\n<div style=\"font-weight: bold;margin: 8px 0px 0px 0px\">wiko-Metallbautechnik Verwaltungs GmbH<\/div>\n<div style=\"margin: 0px 0px 10px 0px\">District court: Bad Oeynhausen \/ HRA 7987 \/ Office: L\u00fcbbecke<\/div>\n<div style=\"font-weight: bold\">Gesch\u00e4ftsf\u00fchrer:<\/div>\n<div>Managing Director<\/div>\n<div>Dipl.-Ing. Wilhelm-Heinrich Kottkamp<\/div>\n<\/div>\n<\/div>\n<div style=\"width: 30%;height: 550px;float: right;margin: 0px 0px 5px 0px;border: 4px #ffffff solid;padding: 15px;background: #f7f7f7;line-height: 1.5em;color: #606060\">\n<div style=\"font-size: 95%;color: #55ab00;border-bottom: 1px solid #aaa;padding: 0px 0px 5px 0px;font-weight: 400\">wiko-Service GmbH<\/div>\n<div style=\"padding: 5px 0px 5px 3px;font-size: 9pt\">\n<div>Carl-Vogeler-Stra\u00dfe 6<\/div>\n<div style=\"margin: 0px 0px 10px 0px\">32312 L\u00fcbbecke<\/div>\n<div>Tel: +49(0)5741 \/ 3012-77<\/div>\n<div style=\"margin: 0px 0px 10px 0px\">Fax: +49(0)5741 \/ 3012-78<\/div>\n<div><a href=\"mailto:info@wiko-service.de\"><span style=\"color: #606060 !important\">info@wiko-service.de<\/span><\/a><\/div>\n<div style=\"margin: 0px 0px 10px 0px\"><a style=\"float: none;width: auto\" href=\"https:\/\/www.wiko-metallbautechnik.de\/wiko-service-gmbh\/\" target=\"_blank\" rel=\"noopener\"><span style=\"color: #606060 !important\">www.wiko-metallbautechnik.de\/wiko-service-gmbh\/<\/span><\/a><\/div>\n<div>Steuer-Nr.: 331\/5735\/0674<\/div>\n<div>USt-IdNr.: DE 210 964 533<\/div>\n<div style=\"margin: 0px 0px 15px 0px;border-bottom: 1px solid #aaa;padding: 0px 0px 5px 0px\">Amtsgericht: Bad Oeynhausen \/ HRA 7738 \/ Sitz: L\u00fcbbecke<\/div>\n<div style=\"font-weight: bold\">Gesch\u00e4ftsf\u00fchrer:<\/div>\n<div>Dipl.-Ing. Wilhelm-Heinrich Kottkamp<\/div>\n<\/div>\n<\/div>\n<div style=\"clear: both\">&nbsp;<\/div>\n<div style=\"width: 96%;margin: 20px 0px 5px 0px;border: 4px #ffffff solid;padding: 15px;background: #f7f7f7;line-height: 1.5em;color: #606060;text-align: justify\">\n<div style=\"font-size: 12pt;color: #55ab00;border-bottom: 1px solid #aaa;padding: 0px 0px 5px 0px;font-weight: 400\">Disclaimer \u2013 rechtliche Hinweis<\/div>\n<div style=\"padding: 5px 0px 5px 3px;font-size: 85%\">\n<h3>&nbsp;<\/h3>\n<h4>1. Haftungsbeschr\u00e4nkung<\/h4>\n<p>Die Inhalte dieser Website werden mit gr\u00f6\u00dftm\u00f6glicher Sorgfalt erstellt. Der Anbieter \u00fcbernimmt jedoch keine Gew\u00e4hr f\u00fcr die Richtigkeit, Vollst\u00e4ndigkeit und Aktualit\u00e4t der bereitgestellten Inhalte. Die Nutzung der Inhalte der Website erfolgt auf eigene Gefahr des Nutzers. Namentlich gekennzeichnete Beitr\u00e4ge geben die Meinung des jeweiligen Autors und nicht immer die Meinung des Anbieters wieder. Mit der reinen Nutzung der Website des Anbieters kommt keinerlei Vertragsverh\u00e4ltnis zwischen dem Nutzer und dem Anbieter zustande.<\/p>\n<h4>2. Externe Links<\/h4>\n<p>Diese Website enth\u00e4lt Verkn\u00fcpfungen zu Websites Dritter (&#8220;externe Links&#8221;). Diese Websites unterliegen der Haftung der jeweiligen Betreiber. Der Anbieter hat bei der erstmaligen Verkn\u00fcpfung der externen Links die fremden Inhalte daraufhin \u00fcberpr\u00fcft, ob etwaige Rechtsverst\u00f6\u00dfe bestehen. Zu dem Zeitpunkt waren keine Rechtsverst\u00f6\u00dfe ersichtlich. Der Anbieter hat keinerlei Einfluss auf die aktuelle und zuk\u00fcnftige Gestaltung und auf die Inhalte der verkn\u00fcpften Seiten. Das Setzen von externen Links bedeutet nicht, dass sich der Anbieter die hinter dem Verweis oder Link liegenden Inhalte zu Eigen macht. Eine st\u00e4ndige Kontrolle der externen Links ist f\u00fcr den Anbieter ohne konkrete Hinweise auf Rechtsverst\u00f6\u00dfe nicht zumutbar. Bei Kenntnis von Rechtsverst\u00f6\u00dfen werden jedoch derartige externe Links unverz\u00fcglich gel\u00f6scht.<\/p>\n<h4>3. Urheber- und Leistungsschutzrechte<\/h4>\n<p>Die auf dieser Website ver\u00f6ffentlichten Inhalte unterliegen dem deutschen Urheber- und Leistungsschutzrecht. Jede vom deutschen Urheber- und Leistungsschutzrecht nicht zugelassene Verwertung bedarf der vorherigen schriftlichen Zustimmung des Anbieters oder jeweiligen Rechteinhabers. Dies gilt insbesondere f\u00fcr Vervielf\u00e4ltigung, Bearbeitung, \u00dcbersetzung, Einspeicherung, Verarbeitung bzw. Wiedergabe von Inhalten in Datenbanken oder anderen elektronischen Medien und Systemen. Inhalte und Rechte Dritter sind dabei als solche gekennzeichnet. Die unerlaubte Vervielf\u00e4ltigung oder Weitergabe einzelner Inhalte oder kompletter Seiten ist nicht gestattet und strafbar. Lediglich die Herstellung von Kopien und Downloads f\u00fcr den pers\u00f6nlichen, privaten und nicht kommerziellen Gebrauch ist erlaubt.<\/p>\n<p>Die Darstellung dieser Website in fremden Frames ist nur mit schriftlicher Erlaubnis zul\u00e4ssig.<\/p>\n<h4>4. Datenschutz<\/h4>\n<p>Durch den Besuch der Website des Anbieters k\u00f6nnen Informationen \u00fcber den Zugriff (Datum, Uhrzeit, betrachtete Seite) gespeichert werden. Diese Daten geh\u00f6ren nicht zu den personenbezogenen Daten, sondern sind anonymisiert. Sie werden ausschlie\u00dflich zu statistischen Zwecken ausgewertet. Eine Weitergabe an Dritte, zu kommerziellen oder nichtkommerziellen Zwecken, findet nicht statt.<\/p>\n<p>Der Anbieter weist ausdr\u00fccklich darauf hin, dass die Daten\u00fcbertragung im Internet (z.B. bei der Kommunikation per E-Mail) Sicherheitsl\u00fccken aufweisen und nicht l\u00fcckenlos vor dem Zugriff durch Dritte gesch\u00fctzt werden kann.<\/p>\n<p>Die Verwendung der Kontaktdaten des Impressums zur gewerblichen Werbung ist ausdr\u00fccklich nicht erw\u00fcnscht, es sei denn der Anbieter hatte zuvor seine schriftliche Einwilligung erteilt oder es besteht bereits eine Gesch\u00e4ftsbeziehung. Der Anbieter und alle auf dieser Website genannten Personen widersprechen hiermit jeder kommerziellen Verwendung und Weitergabe ihrer Daten.<\/p>\n<h6>Personenbezogene Daten<\/h6>\n<p>Sie k\u00f6nnen unsere Webseite ohne Angabe personenbezogener Daten besuchen. Soweit auf unseren Seiten personenbezogene Daten (wie Name, Anschrift oder E-Mail Adresse) erhoben werden, erfolgt dies, soweit m\u00f6glich, auf freiwilliger Basis. Diese Daten werden ohne Ihre ausdr\u00fcckliche Zustimmung nicht an Dritte weitergegeben. Sofern zwischen Ihnen und uns ein Vertragsverh\u00e4ltnis begr\u00fcndet, inhaltlich ausgestaltet oder ge\u00e4ndert werden soll oder Sie an uns eine Anfrage stellen, erheben und verwenden wir personenbezogene Daten von Ihnen, soweit dies zu diesen Zwecken erforderlich ist (Bestandsdaten). Wir erheben, verarbeiten und nutzen personenbezogene Daten soweit dies erforderlich ist, um Ihnen die Inanspruchnahme des Webangebots zu erm\u00f6glichen (Nutzungsdaten). S\u00e4mtliche personenbezogenen Daten werden nur solange gespeichert wie dies f\u00fcr den geannten Zweck (Bearbeitung Ihrer Anfrage oder Abwicklung eines Vertrags) erforderlich ist. Hierbei werden steuer- und handelsrechtliche Aufbewahrungsfristen ber\u00fccksichtigt. Auf Anordnung der zust\u00e4ndigen Stellen d\u00fcrfen wir im Einzelfall Auskunft \u00fcber diese Daten (Bestandsdaten) erteilen, soweit dies f\u00fcr Zwecke der Strafverfolgung, zur Gefahrenabwehr, zur Erf\u00fcllung der gesetzlichen Aufgaben der Verfassungsschutzbeh\u00f6rden oder des Milit\u00e4rischen Abschirmdienstes oder zur Durchsetzung der Rechte am geistigen Eigentum erforderlich ist.<\/p>\n<h6>Kommentarfunktionen<\/h6>\n<p>Im Rahmen der Kommentarfunktion erheben wir personenbezogene Daten (z.B. Name, E-Mail) im Rahmen Ihrer Kommentierung zu einem Beitrag nur in dem Umfang wie Sie ihn uns mitgeteilt haben. Bei der Ver\u00f6ffentlichung eines Kommentars wird die von Ihnen angegebene Email-Adresse gespeichert, aber nicht ver\u00f6ffentlicht. Ihr Name wird ver\u00f6ffentlicht, wenn Sie nicht unter Pseudonym geschrieben haben.<\/p>\n<h6>Auskunftsrecht<\/h6>\n<p>Sie haben das jederzeitige Recht, sich unentgeltlich und unverz\u00fcglich \u00fcber die zu Ihrer Person erhobenen Daten zu erkundigen. Sie haben das jederzeitige Recht, Ihre Zustimmung zur Verwendung Ihrer angegeben pers\u00f6nlichen Daten mit Wirkung f\u00fcr die Zukunft zu widerrufen. Zur Auskunftserteilung wenden Sie sich bitte an den Anbieter unter den Kontaktdaten im Impressum.<\/p>\n<h4>5. Besondere Nutzungsbedingungen<\/h4>\n<p>Soweit besondere Bedingungen f\u00fcr einzelne Nutzungen dieser Website von den vorgenannten Nummern 1. bis 4. abweichen, wird an entsprechender Stelle ausdr\u00fccklich darauf hingewiesen. In diesem Falle gelten im jeweiligen Einzelfall die besonderen Nutzungsbedingungen.<\/p>\n<div style=\"font-size: 8pt;float: right;margin: 15px 0px 3px 0px\">Quelle: <a title=\"disclaimer\" href=\"http:\/\/www.juraforum.de\/disclaimer_muster\/\">Disclaimer<\/a> von Juraforum.de.<\/div>\n<\/div>\n<div style=\"clear: both\">&nbsp;<\/div>\n<\/div>\n","protected":false},"excerpt":{"rendered":"<p>wiko-Metallbautechnik GmbH &amp; Co. KG Carl-Vogeler-Stra\u00dfe 6 32312 L\u00fcbbecke Tel: +49(0)5741 \/ 9009 &#8211; 0 Fax: +49(0)5741 \/ 9009 &#8211; 50 info@wiko-metallbautechnik.de www.wiko-metallbautechnik.de tax No .: 331\/5735\/1520 VAT no .: DE 215 459 174 District court: Bad Oeynhausen \/ HRA 5426 \/ Sitz: L\u00fcbbecke personally liable company: wiko-Metallbautechnik Verwaltungs GmbH District court: Bad Oeynhausen \/ <span class=\"ellipsis\">&hellip;<\/span> <span class=\"more-link-wrap\"><a href=\"https:\/\/www.wiko-metallbautechnik.de\/wordpress\/wordpress\/company\/legal-notice\/\" class=\"more-link\"><span>Read More &rarr;<\/span><\/a><\/span><\/p>\n","protected":false},"author":1,"featured_media":0,"parent":66,"menu_order":11,"comment_status":"closed","ping_status":"closed","template":"template-full-width.php","meta":{"ngg_post_thumbnail":0},"_links":{"self":[{"href":"https:\/\/www.wiko-metallbautechnik.de\/wordpress\/wordpress\/wp-json\/wp\/v2\/pages\/76"}],"collection":[{"href":"https:\/\/www.wiko-metallbautechnik.de\/wordpress\/wordpress\/wp-json\/wp\/v2\/pages"}],"about":[{"href":"https:\/\/www.wiko-metallbautechnik.de\/wordpress\/wordpress\/wp-json\/wp\/v2\/types\/page"}],"author":[{"embeddable":true,"href":"https:\/\/www.wiko-metallbautechnik.de\/wordpress\/wordpress\/wp-json\/wp\/v2\/users\/1"}],"replies":[{"embeddable":true,"href":"https:\/\/www.wiko-metallbautechnik.de\/wordpress\/wordpress\/wp-json\/wp\/v2\/comments?post=76"}],"version-history":[{"count":5,"href":"https:\/\/www.wiko-metallbautechnik.de\/wordpress\/wordpress\/wp-json\/wp\/v2\/pages\/76\/revisions"}],"predecessor-version":[{"id":173,"href":"https:\/\/www.wiko-metallbautechnik.de\/wordpress\/wordpress\/wp-json\/wp\/v2\/pages\/76\/revisions\/173"}],"up":[{"embeddable":true,"href":"https:\/\/www.wiko-metallbautechnik.de\/wordpress\/wordpress\/wp-json\/wp\/v2\/pages\/66"}],"wp:attachment":[{"href":"https:\/\/www.wiko-metallbautechnik.de\/wordpress\/wordpress\/wp-json\/wp\/v2\/media?parent=76"}],"curies":[{"name":"wp","href":"https:\/\/api.w.org\/{rel}","templated":true}]}}